{"id":20,"date":"2022-11-01T15:34:56","date_gmt":"2022-11-01T14:34:56","guid":{"rendered":"http:\/\/localhost\/association%20spirale\/?page_id=20"},"modified":"2025-03-17T16:17:40","modified_gmt":"2025-03-17T15:17:40","slug":"beaux-portfolios-pour-des-creatifs-exceptionnels","status":"publish","type":"page","link":"https:\/\/relaxation-active.com\/","title":{"rendered":""},"content":{"rendered":"\n<p class=\"has-text-align-center has-medium-font-size\">La Relaxation Active a \u00e9t\u00e9 cr\u00e9\u00e9e par Maurice Martenot. Par des&nbsp;gestes simples&nbsp;et l&rsquo;observation des&nbsp;sensations, dans le mouvement comme dans l&rsquo;immobilit\u00e9, elle am\u00e8ne chacun \u00e0 retrouver son&nbsp;calme int\u00e9rieur.<\/p>\n\n\n\n<blockquote class=\"wp-block-quote\">\n<p><em>\u00ab\u00a0\u00c0 quoi bon parler d&rsquo;accord ou de d\u00e9saccord avec qui que ce soit : l&rsquo;entourage, la soci\u00e9t\u00e9, l&rsquo;opinion des autres, sans avoir \u00e9tabli le premier accord n\u00e9cessaire : l&rsquo;accord avec soi-m\u00eame.\u00a0\u00bb&nbsp;<\/em><\/p>\n\n\n\n<p><\/p>\n<cite><strong>Maurice Martenot<\/strong><\/cite><\/blockquote>\n\n\n\n<div class=\"is-layout-constrained wp-block-group alignfull has-background\" style=\"background-color:#e5e9ec\"><div class=\"wp-block-group__inner-container\">\n<div class=\"is-layout-flex wp-container-7 wp-block-columns has-medium-font-size\">\n<div class=\"is-layout-flow wp-block-column is-vertically-aligned-center\"><style>.wp-block-kadence-advancedheading.kt-adv-heading_c1ea49-46, .wp-block-kadence-advancedheading.kt-adv-heading_c1ea49-46[data-kb-block=\"kb-adv-heading_c1ea49-46\"]{font-size:39px;font-weight:600;font-style:normal;font-family:'Baloo Tamma 2';color:#103448;}.wp-block-kadence-advancedheading.kt-adv-heading_c1ea49-46 mark, .wp-block-kadence-advancedheading.kt-adv-heading_c1ea49-46[data-kb-block=\"kb-adv-heading_c1ea49-46\"] mark{font-style:normal;color:#f76a0c;padding-top:0px;padding-right:0px;padding-bottom:0px;padding-left:0px;}<\/style>\n<h2 class=\"kt-adv-heading_c1ea49-46 wp-block-kadence-advancedheading\" data-kb-block=\"kb-adv-heading_c1ea49-46\"><strong>\u00c0 propos de nous&#8230;<\/strong><\/h2>\n\n\n\n<p>L&rsquo;association SPIRALE a pour but la formation des professeurs de relaxation active et le d\u00e9veloppement de la m\u00e9thode. <\/p>\n\n\n\n<div class=\"is-horizontal is-content-justification-left is-layout-flex wp-container-1 wp-block-buttons\">\n<div class=\"wp-block-button has-custom-font-size is-style-fill has-medium-font-size\"><a class=\"wp-block-button__link has-background wp-element-button\" href=\"http:\/\/relaxation-active.com\/index.php\/association\/\" style=\"border-radius:100px;background-color:#103448\">Lire la suite<\/a><\/div>\n<\/div>\n<\/div>\n\n\n\n<div class=\"is-layout-flow wp-block-column\">\n<div style=\"height:48px\" aria-hidden=\"true\" class=\"wp-block-spacer\"><\/div>\n\n\n\n<div class=\"is-layout-constrained wp-block-group\"><div class=\"wp-block-group__inner-container\">\n<figure class=\"is-layout-flex wp-block-gallery-3 wp-block-gallery has-nested-images columns-default is-cropped\">\n<figure class=\"wp-block-image size-large is-style-default\"><img decoding=\"async\" loading=\"lazy\" width=\"1024\" height=\"768\" src=\"http:\/\/localhost\/association%20spirale\/wp-content\/uploads\/2023\/05\/anastasiya-romanova-ZHxpBRunIzA-unsplash-1024x768.jpg\" alt=\"\" class=\"wp-image-313\" srcset=\"https:\/\/relaxation-active.com\/wp-content\/uploads\/2023\/05\/anastasiya-romanova-ZHxpBRunIzA-unsplash-1024x768.jpg 1024w, https:\/\/relaxation-active.com\/wp-content\/uploads\/2023\/05\/anastasiya-romanova-ZHxpBRunIzA-unsplash-300x225.jpg 300w, https:\/\/relaxation-active.com\/wp-content\/uploads\/2023\/05\/anastasiya-romanova-ZHxpBRunIzA-unsplash-768x576.jpg 768w, https:\/\/relaxation-active.com\/wp-content\/uploads\/2023\/05\/anastasiya-romanova-ZHxpBRunIzA-unsplash-1536x1152.jpg 1536w, https:\/\/relaxation-active.com\/wp-content\/uploads\/2023\/05\/anastasiya-romanova-ZHxpBRunIzA-unsplash-2048x1536.jpg 2048w, https:\/\/relaxation-active.com\/wp-content\/uploads\/2023\/05\/anastasiya-romanova-ZHxpBRunIzA-unsplash-2000x1500.jpg 2000w\" sizes=\"(max-width: 1024px) 100vw, 1024px\" \/><\/figure>\n<\/figure>\n<\/div><\/div>\n<\/div>\n<\/div>\n<\/div><\/div>\n\n\n\n<div style=\"height:63px\" aria-hidden=\"true\" class=\"wp-block-spacer\"><\/div>\n\n\n<style>.kb-row-layout-id_8a1605-d2 > .kt-row-column-wrap{align-content:start;}:where(.kb-row-layout-id_8a1605-d2 > .kt-row-column-wrap) > .wp-block-kadence-column{justify-content:start;}.kb-row-layout-id_8a1605-d2 > .kt-row-column-wrap{column-gap:var(--global-kb-gap-md, 2rem);row-gap:var(--global-kb-gap-md, 2rem);padding-top:var(--global-kb-spacing-sm, 1.5rem);padding-bottom:var(--global-kb-spacing-sm, 1.5rem);grid-template-columns:minmax(0, 50%) minmax(0, 50%);}.kb-row-layout-id_8a1605-d2 > .kt-row-layout-overlay{opacity:0.30;}@media all and (max-width: 1024px){.kb-row-layout-id_8a1605-d2 > .kt-row-column-wrap{grid-template-columns:repeat(2, minmax(0, 1fr));}}@media all and (max-width: 767px){.kb-row-layout-id_8a1605-d2 > .kt-row-column-wrap{grid-template-columns:minmax(0, 1fr);}}<\/style><div class=\"kb-row-layout-wrap kb-row-layout-id_8a1605-d2 alignnone wp-block-kadence-rowlayout\"><div class=\"kt-row-column-wrap kt-has-2-columns kt-row-layout-equal kt-tab-layout-inherit kt-mobile-layout-row kt-row-valign-top\">\n<style>.kadence-column_dd93a0-f6 > .kt-inside-inner-col,.kadence-column_dd93a0-f6 > .kt-inside-inner-col:before{border-top-left-radius:0px;border-top-right-radius:0px;border-bottom-right-radius:0px;border-bottom-left-radius:0px;}.kadence-column_dd93a0-f6 > .kt-inside-inner-col:before{opacity:0.3;}.kadence-column_dd93a0-f6{position:relative;}<\/style>\n<div class=\"wp-block-kadence-column kadence-column_dd93a0-f6\"><div class=\"kt-inside-inner-col\"><style>.wp-block-kadence-image.kb-image_82b37a-fa:not(.kb-specificity-added):not(.kb-extra-specificity-added){margin-top:var(--global-kb-spacing-md, 2rem);}.kb-image_82b37a-fa.kb-image-is-ratio-size, .kb-image_82b37a-fa .kb-image-is-ratio-size{max-width:413px;width:100%;}.kb-image_82b37a-fa figure{max-width:413px;}.kb-image_82b37a-fa .image-is-svg, .kb-image_82b37a-fa .image-is-svg img{width:100%;}.kb-image_82b37a-fa img.kb-img, .kb-image_82b37a-fa .kb-img img{border-top-left-radius:10px;border-top-right-radius:10px;border-bottom-right-radius:10px;border-bottom-left-radius:10px;box-shadow:0px 0px 14px 0px rgba(0, 0, 0, 0.2);}<\/style>\n<div class=\"wp-block-kadence-image kb-image_82b37a-fa\"><figure class=\"aligncenter size-full kb-image-is-ratio-size\"><div class=\"kb-is-ratio-image kb-image-ratio-land43\"><img decoding=\"async\" loading=\"lazy\" width=\"756\" height=\"443\" src=\"http:\/\/localhost\/association%20spirale\/wp-content\/uploads\/2023\/05\/Capture-decran-2023-05-09-112829.png\" alt=\"\" class=\"kb-img wp-image-517\" title=\"\" srcset=\"https:\/\/relaxation-active.com\/wp-content\/uploads\/2023\/05\/Capture-decran-2023-05-09-112829.png 756w, https:\/\/relaxation-active.com\/wp-content\/uploads\/2023\/05\/Capture-decran-2023-05-09-112829-300x176.png 300w\" sizes=\"(max-width: 756px) 100vw, 756px\" \/><\/div><\/figure><\/div>\n<\/div><\/div>\n\n\n<style>.kadence-column_9f7412-7e > .kt-inside-inner-col,.kadence-column_9f7412-7e > .kt-inside-inner-col:before{border-top-left-radius:0px;border-top-right-radius:0px;border-bottom-right-radius:0px;border-bottom-left-radius:0px;}.kadence-column_9f7412-7e > .kt-inside-inner-col:before{opacity:0.3;}.kadence-column_9f7412-7e{position:relative;}<\/style>\n<div class=\"wp-block-kadence-column kadence-column_9f7412-7e\"><div class=\"kt-inside-inner-col\"><style>.wp-block-kadence-advancedheading.kt-adv-heading_fe3715-78, .wp-block-kadence-advancedheading.kt-adv-heading_fe3715-78[data-kb-block=\"kb-adv-heading_fe3715-78\"]{font-size:38px;font-weight:600;font-style:normal;font-family:'Baloo Tamma 2';color:#103448;}.wp-block-kadence-advancedheading.kt-adv-heading_fe3715-78 mark, .wp-block-kadence-advancedheading.kt-adv-heading_fe3715-78[data-kb-block=\"kb-adv-heading_fe3715-78\"] mark{font-style:normal;color:#f76a0c;padding-top:0px;padding-right:0px;padding-bottom:0px;padding-left:0px;}<\/style>\n<h2 class=\"kt-adv-heading_fe3715-78 wp-block-kadence-advancedheading\" data-kb-block=\"kb-adv-heading_fe3715-78\">Formation<\/h2>\n\n\n<style>.wp-block-kadence-advancedheading.kt-adv-heading_cfd0de-d5, .wp-block-kadence-advancedheading.kt-adv-heading_cfd0de-d5[data-kb-block=\"kb-adv-heading_cfd0de-d5\"]{font-size:var(--global-kb-font-size-md, 1.25rem);line-height:1.6;font-style:normal;}.wp-block-kadence-advancedheading.kt-adv-heading_cfd0de-d5 mark, .wp-block-kadence-advancedheading.kt-adv-heading_cfd0de-d5[data-kb-block=\"kb-adv-heading_cfd0de-d5\"] mark{font-style:normal;color:#f76a0c;padding-top:0px;padding-right:0px;padding-bottom:0px;padding-left:0px;}<\/style>\n<p class=\"kt-adv-heading_cfd0de-d5 wp-block-kadence-advancedheading\" data-kb-block=\"kb-adv-heading_cfd0de-d5\">La formation s&rsquo;adresse aux personnes qui ont pratiqu\u00e9 la Relaxation Active, m\u00e9thode Martenot.<\/p>\n\n\n<style>.wp-block-kadence-advancedheading.kt-adv-heading_113565-92, .wp-block-kadence-advancedheading.kt-adv-heading_113565-92[data-kb-block=\"kb-adv-heading_113565-92\"]{font-size:var(--global-kb-font-size-md, 1.25rem);line-height:1.6;font-style:normal;}.wp-block-kadence-advancedheading.kt-adv-heading_113565-92 mark, .wp-block-kadence-advancedheading.kt-adv-heading_113565-92[data-kb-block=\"kb-adv-heading_113565-92\"] mark{font-style:normal;color:#f76a0c;padding-top:0px;padding-right:0px;padding-bottom:0px;padding-left:0px;}<\/style>\n<p class=\"kt-adv-heading_113565-92 wp-block-kadence-advancedheading\" data-kb-block=\"kb-adv-heading_113565-92\">Elle peut \u00e9galement s&rsquo;adresser \u00e0 des personnes qui ont exp\u00e9riment\u00e9 d&rsquo;autres pratiques corporelles proches de la Relaxation Active et qui souhaitent se former \u00e0 la m\u00e9thode Martenot.<\/p>\n\n\n\n<div class=\"is-layout-flex wp-block-buttons\">\n<div class=\"wp-block-button has-custom-font-size has-medium-font-size\"><a class=\"wp-block-button__link has-background wp-element-button\" href=\"http:\/\/relaxation-active.com\/index.php\/formation-2\/\" style=\"background-color:#103448\">lire la suite<\/a><\/div>\n<\/div>\n<\/div><\/div>\n\n<\/div><\/div>\n\n\n<figure class=\"is-layout-flex wp-block-gallery-10 wp-block-gallery has-nested-images columns-default is-cropped\"><\/figure>\n","protected":false},"excerpt":{"rendered":"<p>La Relaxation Active a \u00e9t\u00e9 cr\u00e9\u00e9e par Maurice Martenot. Par des&nbsp;gestes simples&nbsp;et l&rsquo;observation des&nbsp;sensations, dans le mouvement comme dans l&rsquo;immobilit\u00e9, elle am\u00e8ne chacun \u00e0 retrouver son&nbsp;calme int\u00e9rieur. \u00ab\u00a0\u00c0 quoi bon parler d&rsquo;accord ou de d\u00e9saccord avec qui que ce soit : l&rsquo;entourage, la soci\u00e9t\u00e9, l&rsquo;opinion des autres, sans avoir \u00e9tabli le premier accord n\u00e9cessaire : &hellip; <\/p>\n<p class=\"link-more\"><a href=\"https:\/\/relaxation-active.com\/\" class=\"more-link\">Lire la suite de<span class=\"screen-reader-text\">\u00ab\u00a0\u00a0\u00bb<\/span><\/a><\/p>\n","protected":false},"author":1,"featured_media":19,"parent":0,"menu_order":0,"comment_status":"closed","ping_status":"closed","template":"","meta":[],"_links":{"self":[{"href":"https:\/\/relaxation-active.com\/index.php\/wp-json\/wp\/v2\/pages\/20"}],"collection":[{"href":"https:\/\/relaxation-active.com\/index.php\/wp-json\/wp\/v2\/pages"}],"about":[{"href":"https:\/\/relaxation-active.com\/index.php\/wp-json\/wp\/v2\/types\/page"}],"author":[{"embeddable":true,"href":"https:\/\/relaxation-active.com\/index.php\/wp-json\/wp\/v2\/users\/1"}],"replies":[{"embeddable":true,"href":"https:\/\/relaxation-active.com\/index.php\/wp-json\/wp\/v2\/comments?post=20"}],"version-history":[{"count":66,"href":"https:\/\/relaxation-active.com\/index.php\/wp-json\/wp\/v2\/pages\/20\/revisions"}],"predecessor-version":[{"id":814,"href":"https:\/\/relaxation-active.com\/index.php\/wp-json\/wp\/v2\/pages\/20\/revisions\/814"}],"wp:featuredmedia":[{"embeddable":true,"href":"https:\/\/relaxation-active.com\/index.php\/wp-json\/wp\/v2\/media\/19"}],"wp:attachment":[{"href":"https:\/\/relaxation-active.com\/index.php\/wp-json\/wp\/v2\/media?parent=20"}],"curies":[{"name":"wp","href":"https:\/\/api.w.org\/{rel}","templated":true}]}}